 of 37736912 and 2336.
1168
What is the greatest common factor of 126 and 130811049?
9
Calculate the greatest common divisor of 18329376 and 2052.
228
Calculate the greatest common divisor of 153427611 and 11892.
2973
What is the highest common divisor of 33734 and 70902?
202
Calculate the greatest common divisor of 34811 and 7042.
7
Calculate the greatest common divisor of 159917 and 17931.
43
What is the greatest common divisor of 1724526 and 11770758?
11574
Calculate the greatest common factor of 27378 and 59049.
81
Calculate the highest common factor of 1361845273 and 76.
19
Calculate the highest common divisor of 2912 and 806351.
91
What is the highest common divisor of 1128 and 6377853?
141
Calculate the highest common factor of 8446670 and 5.
5
Calculate the greatest common divisor of 9001611 and 12312.
1539
What is the highest common divisor of 1316 and 289716?
28
Calculate the highest common factor of 1847189 and 1717.
101
Calculate the highest common factor of 58 and 5550339.
29
Calculate the greatest common factor of 1927 and 54632377.
1927
Calculate the highest common divisor of 322986 and 11982.
6
Calculate the highest common divisor of 3 and 2727651.
3
Calculate the greatest common factor of 4332342 and 1403.
61
What is the greatest common divisor of 28 and 1017218006?
14
What is the greatest common factor of 46272 and 2850789?
723
Calculate the greatest common factor of 31563693 and 75411.
8379
What is the greatest common divisor of 371 and 6034063?
7
Calculate the highest common divisor of 3138624 and 6464.
64
What is the greatest common divisor of 1119603264 and 156?
156
Calculate the highest common divisor of 19768 and 1032808.
56
What is the greatest common factor of 45939972 and 25521?
543
Calculate the greatest common divisor of 8798328 and 1587.
1587
What is the greatest common divisor of 19593 and 21515913?
2799
What is the highest common factor of 816 and 12533148?
204
What is the highest common factor of 588 and 22806084?
84
What is the greatest common factor of 850653 and 6345?
423
What is the greatest common factor of 505 and 312005?
5
Calculate the highest common divisor of 349662 and 102111.
303
What is the greatest common factor of 3946 and 125293392?
3946
What is the highest common factor of 64 and 16325600?
32
What is the highest common factor of 34281 and 12528387?
2637
What is the highest common divisor of 153636 and 643041?
1239
Calculate the greatest common divisor of 1261296 and 3285936.
2736
Calculate the greatest common factor of 22951 and 5723.
59
What is the highest common divisor of 371 and 3141893?
53
Calculate the highest common divisor of 84 and 7500346.
14
Calculate the highest common divisor of 120 and 65206584.
24
What is the greatest common factor of 11 and 418938575?
11
What is the greatest common divisor of 43393084 and 944?
236
Calculate the greatest common factor of 5008788 and 108.
36
Calculate the highest common factor of 113379 and 126231.
21
What is the highest common factor of 13760 and 60372860?
860
What is the greatest common factor of 66255 and 222642?
21
What is the greatest common factor of 180829 and 33099?
187
Calculate the greatest common factor of 3072 and 61089024.
768
Calculate the highest common factor of 21154599 and 144707.
3911
What is the highest common factor of 4335287 and 2926?
209
Calculate the highest common factor of 348783 and 79125.
633
Calculate the greatest common divisor of 29 and 9752758.
29
What is the greatest common factor of 180636318 and 558?
558
Calculate the greatest common factor of 7656 and 12177216.
696
Calculate the highest common factor of 99577197 and 3054.
1527
Calculate the greatest common factor of 299083 and 7381.
61
What is the highest common divisor of 83245820 and 48892?
2876
Calculate the highest common factor of 142177 and 2184791.
133
What is the greatest common divisor of 108 and 136481679?
27
Calculate the highest common factor of 9264 and 57328.
16
What is the greatest common divisor of 1044 and 69695004?
348
What is the greatest common divisor of 21646075 and 550?
275
Calculate the greatest common divisor of 5052658 and 208507.
4849
What is the highest common factor of 40194 and 9723990?
174
What is the highest common divisor of 3720 and 1836006?
186
Calculate the greatest common factor of 72 and 445613526.
18
What is the highest common factor of 3499795 and 3887?
299
Calculate the highest common factor of 1085773 and 2533.
17
Calculate the highest common factor of 16404615 and 33165.
3015
What is the highest common divisor of 5742 and 3538638?
522
What is the highest common divisor of 8725919 and 176093?
601
What is the highest common divisor of 377 and 1267619?
29
Calculate the greatest common divisor of 2193 and 1508631.
51
What is the highest common factor of 40750552 and 40?
8
What is the highest common factor of 8839168 and 754?
26
What is the highest common factor of 522 and 109139934?
174
What is the highest common factor of 13083420 and 24?
12
Calculate the highest common factor of 1363 and 29900131.
1363
Calculate the greatest common factor of 6569895 and 5640.
705
Calculate the greatest common divisor of 789342612 and 184.
92
Calculate the highest common divisor of 128 and 3844624.
16
Calculate the greatest common factor of 25276061 and 76.
19
Calculate the highest common divisor of 218 and 155579.
1
What is the greatest common factor of 6520736 and 544?
32
Calculate the greatest common factor of 4996447 and 300383.
2293
Calculate the greatest common factor of 27 and 23886126.
9
Calculate the greatest common divisor of 5154428 and 4.
4
What is the greatest common factor of 790 and 22278?
158
Calculate the highest common factor of 1269615960 and 20.
20
Calculate the highest common divisor of 297451 and 165088.
77
Calculate the greatest common factor of 317745 and 1157337.
207
Calculate the greatest common factor of 75038361 and 1719.
573
What is the highest common factor of 204975324 and 684?
36
Calculate the highest common factor of 7248960 and 1274400.
4320
Calculate the greatest common divisor of 553026 and 3961842.
9066
Calculate the greatest common factor of 748 and 159729042.
374
Calculate the greatest common factor of 3631020 and 2148.
12
What is the greatest common divisor of 20380282 and 970?
194
Calculate the greatest common factor of 3211876567 and 674.
337
What is the greatest common factor of 382838589 and 2142?
1071
What is the highest common factor of 290 and 542675985?
145
What is the highest common divisor of 1863320 and 500?
20
What is the highest common factor of 2006 and 81630158?
2006
Calculate the highest common divisor of 8018 and 841814.
38
Calculate the highest common factor of 1329 and 1638678264.
1329
Calculate the highest common factor of 3084672 and 12992.
1856
What is the highest common factor of 617660 and 40940?
1780
Calculate the greatest common divisor of 269 and 862625972.
269
Calculate the highest common divisor of 6624398 and 3.
1
Calculate the greatest common factor of 5261772 and 51.
51
Calculate the greatest common factor of 3304 and 20357596.
1652
What is the highest common factor of 3324 and 1335060?
12
Calculate the highest common divisor of 2563 and 239591.
11
What is the highest common divisor of 2349824 and 2077?
67
What is the highest common divisor of 804555 and 25745?
95
Calculate the highest common divisor of 13475 and 155634325.
1925
What is the greatest common factor of 270162 and 79407?
27
Calculate the greatest common divisor of 17542 and 157507112.
2506
What is the highest common factor of 4 and 73518592?
4
What is the highest common divisor of 8928 and 773946?
558
What is the greatest common factor of 1536 and 71736?
24
What is the greatest common divisor of 196104 and 264?
24
What is the greatest common factor of 54013929 and 21219?
1929
What is the greatest common factor of 410795 and 18527?
97
What is the greatest common factor of 128492 and 9072?
28
What is the greatest common factor of 813734604 and 36?
36
Calculate the highest common divisor of 29875932 and 1620.
108
What is the greatest common factor of 14 and 5934663?
7
What is the greatest common factor of 34 and 8665274?
34
What is the greatest common factor of 7563099 and 423?
141
What is the highest c